Let p be 37/9 + 9/(-81). What is the units digit of -1*27/b*p?
4
Let x(m) = 6*m - 53. Let g be x(6). Suppose 2*b = -5*f + 114, -2*f + b + 46 = 2*b. Let t = f + g. What is the units digit of t?
5
Let k = 82 + -43. Let c be (-493)/3 + (-26)/k. What is the tens digit of 10/(-40) + c/(-4)?
4
Let z(g) = 155*g**2 + 15*g + 100. What is the thousands digit of z(-5)?
3
Let x = 103 + -356. Let a = x + 449. What is the tens digit of a?
9
Suppose 2*m + 26 = 32. Suppose -4*s - 3*h = 0, -h + m*h = 0. Suppose s = -2*n - 5*p + 43, -4*p - 10 = -2*p. What is the units digit of n?
4
What is the hundreds digit of 16/10*(630 - 10)?
9
Let p = -20 + 15. Let u(z) = z**2 - 2*z - 2. Let l be u(p). Suppose 0*q + 63 = 4*d + q, 0 = -2*d + q + l. What is the units digit of d?
6
Let q = -130 + 254. What is the hundreds digit of q?
1
Let v be (6/(-12))/(2/(-4)). Let q be (v - -1 - 2)/2. Suppose -5*g - 3*g + 512 = q. What is the tens digit of g?
6
Let f(i) = -i**2 - 4*i + 3. Let y be f(-4). Suppose -y*n - 14 = -47. Suppose 3*z = -a - 0*z + n, 3*z + 23 = a. What is the tens digit of a?
1
Suppose 5*c + 3*h = h + 5, 3*h = -4*c - 3. Suppose 1 = 5*m - c*o - o, -m = -o. What is the tens digit of (1 - 2)/(m/(-38))?
3
Let l be (-4)/(-3)*((-63)/14 + 6). Suppose -z - 2*q = q - 100, -l*z - q = -175. What is the units digit of z?
5
Suppose -3*k = -22 - 5. Suppose 0 = 6*n - 3*n - k. What is the tens digit of 14 + 0/(n/1)?
1
Suppose -z - z - 2*g = -8, -g = 2*z - 9. Suppose -4*d = -4*n + z*n - 11, -d - 11 = 3*n. What is the units digit of d?
4
Let o be (-2)/(-6) + (-23)/(-3). Let i = -121 + 119. What is the tens digit of (i/o)/(5/(-380))?
1
What is the units digit of ((-8541)/(-18))/(1/2)?
9
Let r be (1/3)/((-9)/(-54)). What is the units digit of (4 + -65)/((r - -2)/(-4))?
1
Suppose -3*y + 340 = -209. What is the units digit of y?
3
Let c = 4126 - 2206. Suppose -g = -5*d + 2*g + c, -g - 1536 = -4*d. What is the tens digit of (-4)/18 - d/(-27)?
1
Suppose 3*k - 4 = -k + 2*f, -2*f + 4 = 0. Suppose 0 = z + k*z - 30. What is the units digit of ((-12)/z)/((-9)/45)?
6
Suppose 0 = -2*i + 218 + 42. Suppose i = 5*b + 8*b. What is the tens digit of b?
1
Let z(y) = 35*y - 60. What is the units digit of z(7)?
5
Suppose -8*u + 156 = -2*u. Let k = u - 21. Suppose -k*i + 21 = -9. What is the units digit of i?
6
Suppose 7*q + 3*d = 9*q - 1002, 487 = q + 2*d. What is the units digit of q?
5
Suppose 0*x = -5*x. Suppose -2*q - 22 = 3*w - 5, -5*q + 25 = x. Let d(o) = o**2 + 7*o - 6. What is the tens digit of d(w)?
1
Let s(g) be the first derivative of 2*g**3/3 - 9*g**2/2 + 18*g + 4. What is the units digit of s(7)?
3
Suppose 0 = -0*z + z - 4, -2*g = 4*z - 20. Suppose g*j - 6 = 14. Let k = j + 0. What is the units digit of k?
0
Suppose d - s = 14 + 3, -4*s + 37 = 3*d. Let j be (3 + 10)*d/(-3). What is the tens digit of (-2 + 6)/((-10)/j)?
2
Suppose 4 = -2*d - d + 4*c, 0 = 4*d - 3*c + 17. Let x be (0/(-4) + d)/(-2). Suppose -x*q + 18 = -14. What is the units digit of q?
8
Suppose 2 = -3*y + 17. What is the units digit of 155 + (0 - -3) + y?
3
Let r(j) = j**3 + 9*j**2 - 10*j + 12. Let z be r(-10). Suppose z*k - 160 = 8*k. What is the tens digit of k?
4
Suppose -x + 2 = 10. Let q = 13 - x. What is the tens digit of q?
2
Let f = 77 - 92. What is the tens digit of -4 + 258/(f/(-5))?
8
Let b(r) = r**3 + 8*r**2 + 6*r + 10. Let s be (-2)/3*(2 - (0 + -7)). What is the units digit of b(s)?
6
Let f(z) = z**3 - z**2 - z. Suppose 0*m - 5*d - 8 = -4*m, -5*d + 4 = 2*m. Let i be f(m). Suppose -i*h = -3*p, p - 14 = -3*p - 2*h. What is the units digit of p?
2
Let z = 19837 - 13925. What is the hundreds digit of ((-2)/(-6))/(z/1182 - 5)?
1
Suppose -b + 5*b + 316 = 0. Let x = 1 - b. What is the tens digit of x?
8
Suppose 3*o = q + o - 9, q - 3*o = 12. Suppose q*j = 4*d - 297, 141 = -0*d + 2*d + j. What is the tens digit of d?
7
What is the units digit of (-3 + 0/(-3))*38/(-6)?
9
Let n be ((-2)/(-3))/((1 + -5)/(-12)). Suppose -259 = -n*w - u, -3*w - 4*u = -4*w + 107. What is the hundreds digit of w?
1
Let d be ((-4)/3)/(18/27). Let p be 21 - d*(-1)/(-2). Let u = 47 - p. What is the tens digit of u?
2
Let m(r) = -r + 1. Let v(i) = -i**2 + 6*i + 1. Let a be v(6). Let q be (a - 1) + 0/(-6). What is the units digit of m(q)?
1
Suppose -3*z = -5*z + 4. Let v be z/(-2 + 24/9). Suppose -10 = -v*k - r, 3*k - 48 = 4*r - 13. What is the units digit of k?
5
Let x(f) = 2*f**2 + 38*f + 36. What is the units digit of x(-19)?
6
Let l = 3 + 61. Suppose n + 2*g - l = 0, -22 = 4*n - 2*g - 228. What is the units digit of n?
4
Let h(j) = 8*j**3 + 9*j**2 - 28*j + 5. What is the tens digit of h(4)?
4
Suppose -5*z + u + 394 = 0, 96 = 3*z - 5*u - 158. Suppose j - z = 6. What is the units digit of j?
4
Suppose 38 = g - 3*g. Let z = g - -27. Suppose -4*k = -3*x + 4, 20 = z*x - 3*x. What is the units digit of k?
2
Let p = -372 + 512. What is the tens digit of p?
4
Let i(s) = 8*s**2 - 7*s + 8. Let y be i(-4). Suppose y = 5*p - 4*q, 3*p - 116 = -3*q + q. What is the tens digit of p?
3
Suppose -336 = 2*t - 5*s, 5*t - 2*s + 882 - 42 = 0. Let d = t + 276. Suppose -2*q + d + 75 = 3*p, -165 = -3*p + 4*q. What is the tens digit of p?
5
Let m = 1979 + -2897. What is the units digit of (m/36)/((1/2)/(-1))?
1
Let o(y) = y**2 + y. Let j be o(-3). Suppose s + t - 37 = 0, -3*s = -2*s - 4*t - 27. Let a = j + s. What is the tens digit of a?
4
Let t = 92 - 84. Suppose 384 = t*h - 2*h. What is the tens digit of h?
6
Let v = -1014 - -1782. What is the hundreds digit of v?
7
Let n be (-2)/6*(14 + -26). Suppose -12 = -n*o + 2*o. Suppose -3*k - o*w + 2*w = -14, -4*k + w = -25. What is the units digit of k?
6
Suppose 5*r - 12 = 8. Let z = -4 + r. Suppose -2*w = -z*w - 6, 3*v - 2*w - 12 = 0. What is the units digit of v?
6
Let w(y) = 50*y - 133*y - y**3 + 54*y + 22*y**2 + 4 + 6. What is the units digit of w(20)?
0
Suppose -16 = -4*t, 4*r - 4*t = r - 61. What is the tens digit of ((-28)/36 - 4/18)*r?
1
Suppose 33*d - 4040 - 90802 = 0. What is the hundreds digit of d?
8
Suppose 3*g - 5 = 7. Suppose 5*w = g*t + 70, -2*w = -4*t + t - 28. What is the units digit of w/(-4)*6/(-3)?
7
Let x = 2096 - 1164. What is the units digit of x?
2
Let u(d) = -53*d**3. Let t be u(-1). Suppose -3 = 4*i - 5*i, -3*i + t = 2*r. Suppose 4*y + 6 = 3*c + 2, 0 = 4*c - 2*y - r. What is the units digit of c?
8
Let l = 1126 + -788. What is the units digit of l?
8
Let q(i) = -16*i - 20. Let j be q(4). What is the tens digit of (-48 - 0)*(j/18 - -4)?
3
Let o = -31 - -27. What is the units digit of (-143)/o + 7/28?
6
Let d(y) = -11*y**3 - 10*y**2 + 33*y + 2. Let t(w) = 7*w**3 + 7*w**2 - 22*w - 1. Let r(x) = -5*d(x) - 8*t(x). Let f = -21 + 13. What is the units digit of r(f)?
8
Suppose 4*s = 2*y + 24790, 2*y = 27*s - 26*s - 6193. What is the hundreds digit of s?
1
Suppose 4*j - 12*x + 8*x = 18264, 4*j = -3*x + 18264. What is the tens digit of j?
6
Let g(y) = y + 19. Let w be g(-6). What is the tens digit of (18*1)/(((-117)/(-30))/w)?
6
Suppose -2*b = 2*g + 214, -4*g - 435 = -0*g - 3*b. Let z = 14 + g. What is the tens digit of (-1)/(z/31 + 3)?
3
Let q(u) = -2*u**3 - 11*u**2 - 25*u + 2. What is the thousands digit of q(-11)?
1
Let f be 200/(-11) + 6/33. Let u = f + 29. Let n = u - -6. What is the units digit of n?
7
Let l(q) be the first derivative of q**3/3 + q**2/2 + 12. What is the tens digit of l(5)?
3
Let r = 149 - -31. Suppose 3*q = 7*q - r. What is the tens digit of q?
4
Let b = -57 + 54. What is the units digit of -1*(b + -85) - (1 + -2)?
9
Suppose -2*t + 4010 = 2*u, -3*u = 2*t - 1916 - 2096. What is the units digit of t?
3
Let m = -743 + 1234. Suppose 167 = 7*v - m. What is the tens digit of v?
9
Suppose 0 = 4*x - 4*i + 52, 0 = -x - 4*x - 3*i - 57. Let j = x + 16. Suppose -j*c + 22 = d, d + c - 51 = -d. What is the units digit of d?
6
Let u(z) = 119*z + 256. What is the tens digit of u(12)?
8
Suppose -14*x + 177 - 65 = 0. What is the units digit of x?
8
Let l(k) = -k**3 + 49 + 16*k**2 - 50 + 52 - 23*k. What is the hundreds digit of l(13)?
2
Suppose -13*j - 25 = -18*j. Suppose -3*c - 71 = -w, -j*w + 0*w = -c - 313. What is the units digit of w?
2
Let o = -35 - -110. Suppose 9 = 6*m - o. Suppose 0 = 5*g + 4*x - 40, 2*g + x = m - 1. What is the units digit of g?
4
Let d = 5143 + -3192. What is the hundreds d